179
What are the prime factors of 14102?
2, 11, 641
What are the prime factors of 454?
2, 227
List the prime factors of 114604.
2, 7, 4093
List the prime factors of 1590.
2, 3, 5, 53
List the prime factors of 29688.
2, 3, 1237
List the prime factors of 89314.
2, 44657
List the prime factors of 812.
2, 7, 29
List the prime factors of 1100.
2, 5, 11
What are the prime factors of 22507?
71, 317
What are the prime factors of 2931?
3, 977
What are the prime factors of 12339?
3, 457
What are the prime factors of 2133?
3, 79
What are the prime factors of 214?
2, 107
List the prime factors of 114.
2, 3, 19
List the prime factors of 1885.
5, 13, 29
What are the prime factors of 4790?
2, 5, 479
What are the prime factors of 22515?
3, 5, 19, 79
List the prime factors of 2525.
5, 101
List the prime factors of 11921.
7, 13, 131
What are the prime factors of 1446?
2, 3, 241
What are the prime factors of 1415?
5, 283
List the prime factors of 43595.
5, 8719
What are the prime factors of 13927?
19, 733
List the prime factors of 42145.
5, 8429
What are the prime factors of 1461?
3, 487
What are the prime factors of 19952?
2, 29, 43
List the prime factors of 6531.
3, 7, 311
What are the prime factors of 428?
2, 107
What are the prime factors of 21205?
5, 4241
List the prime factors of 19730.
2, 5, 1973
What are the prime factors of 350?
2, 5, 7
List the prime factors of 14701.
61, 241
What are the prime factors of 1137?
3, 379
What are the prime factors of 17769?
3, 5923
What are the prime factors of 45076?
2, 59, 191
List the prime factors of 2732.
2, 683
List the prime factors of 6530.
2, 5, 653
What are the prime factors of 8696?
2, 1087
List the prime factors of 45396.
2, 3, 13, 97
List the prime factors of 166.
2, 83
List the prime factors of 6450.
2, 3, 5, 43
What are the prime factors of 129814?
2, 47, 1381
List the prime factors of 293.
293
What are the prime factors of 1368?
2, 3, 19
What are the prime factors of 2016?
2, 3, 7
What are the prime factors of 1866?
2, 3, 311
List the prime factors of 34.
2, 17
List the prime factors of 6817.
17, 401
What are the prime factors of 1010?
2, 5, 101
List the prime factors of 20351.
47, 433
What are the prime factors of 540?
2, 3, 5
List the prime factors of 57096.
2, 3, 13, 61
What are the prime factors of 1379?
7, 197
List the prime factors of 602.
2, 7, 43
What are the prime factors of 7487?
7487
List the prime factors of 3174.
2, 3, 23
What are the prime factors of 13377?
3, 7, 13
What are the prime factors of 3258?
2, 3, 181
List the prime factors of 7469.
7, 11, 97
List the prime factors of 6917.
6917
What are the prime factors of 1420?
2, 5, 71
What are the prime factors of 31420?
2, 5, 1571
What are the prime factors of 7745?
5, 1549
What are the prime factors of 23191?
7, 3313
List the prime factors of 25512.
2, 3, 1063
List the prime factors of 85073.
241, 353
List the prime factors of 13250.
2, 5, 53
List the prime factors of 7174.
2, 17, 211
What are the prime factors of 1129?
1129
List the prime factors of 80378.
2, 40189
What are the prime factors of 1855?
5, 7, 53
List the prime factors of 83149.
11, 7559
List the prime factors of 3527.
3527
What are the prime factors of 57311?
223, 257
List the prime factors of 16938.
2, 3, 941
List the prime factors of 12468.
2, 3, 1039
What are the prime factors of 59815?
5, 7, 1709
What are the prime factors of 66901?
149, 449
What are the prime factors of 8075?
5, 17, 19
List the prime factors of 197.
197
What are the prime factors of 622?
2, 311
What are the prime factors of 19265?
5, 3853
List the prime factors of 22031.
22031
List the prime factors of 3961.
17, 233
List the prime factors of 152043.
3, 59, 859
What are the prime factors of 1323?
3, 7
What are the prime factors of 126326?
2, 83, 761
What are the prime factors of 3454?
2, 11, 157
What are the prime factors of 2048?
2
What are the prime factors of 13516?
2, 31, 109
List the prime factors of 36941.
17, 41, 53
List the prime factors of 33900.
2, 3, 5, 113
List the prime factors of 2981.
11, 271
List the prime factors of 5323.
5323
List the prime factors of 1506.
2, 3, 251
List the prime factors of 23310.
2, 3, 5, 7, 37
List the prime factors of 16886.
2, 8443
What are the prime factors of 31071?
3, 10357
What are the prime factors of 3706?
2, 17, 109
What are the prime factors of 14108?
2, 3527
List the prime factors of 34590.
2, 3, 5, 1153
List the prime factors of 8665.
5, 1733
List the prime factors of 1227.
3, 409
What are the prime factors of 1578?
2, 3, 263
What are the prime factors of 20012?
2, 5003
What are the prime factors of 6548?
2, 1637
What are the prime factors of 4317?
3, 1439
List the prime factors of 8709.
3, 2903
List the prime factors of 80703.
3, 7, 61
List the prime factors of 5266.
2, 2633
List the prime factors of 5789.
7, 827
List the prime factors of 20226.
2, 3, 3371
What are the prime factors of 1859?
11, 13
List the prime factors of 5725.
5, 229
List the prime factors of 15354.
2, 3, 853
List the prime factors of 129491.
129491
List the prime factors of 2820.
2, 3, 5, 47
List the prime factors of 12390.
2, 3, 5, 7, 59
What are the prime factors of 29351?
7, 599
What are the prime factors of 185169?
3, 61723
What are the prime factors of 862?
2, 431
List the prime factors of 25817.
11, 2347
List the prime factors of 55168.
2, 431
What are the prime factors of 1455?
3, 5, 97
What are the prime factors of 4086?
2, 3, 227
List the prime factors of 3295.
5, 659
List the prime factors of 103334.
2, 7, 11, 61
List the prime factors of 4113.
3, 457
What are the prime factors of 50402?
2, 11, 29, 79
What are the prime factors of 437?
19, 23
List the prime factors of 467.
467
What are the prime factors of 24639?
3, 43, 191
List the prime factors of 549.
3, 61
What are the prime factors of 34155?
3, 5, 11, 23
What are the prime factors of 353?
353
List the prime factors of 108316.
2, 13, 2083
What are the prime factors of 159109?
107, 1487
What are the prime factors of 411?
3, 137
List the prime factors of 2048.
2
What are the prime factors of 16851?
3, 41, 137
List the prime factors of 241.
241
List the prime factors of 1378.
2, 13, 53
List the prime factors of 2406.
2, 3, 401
What are the prime factors of 947?
947
What are the prime factors of 1522?
2, 761
What are the prime factors of 11007?
3, 1223
What are the prime factors of 10370?
2, 5, 17, 61
List the prime factors of 1585.
5, 317
What are the prime factors of 11207?
7, 1601
List the prime factors of 714.
2, 3, 7, 17
List the prime factors of 21234.
2, 3, 3539
List the prime factors of 28855.
5, 29, 199
List the prime factors of 2087.
2087
List the prime factors of 62103.
3, 127, 163
List the prime factors of 32856.
2, 3, 37
List the prime factors of 2658.
2, 3, 443
What are the prime factors of 10680?
2, 3, 5, 89
List the prime factors of 3918.
2, 3, 653
What are the prime factors of 55?
5, 11
What are the prime factors of 262?
2, 131
What are the prime factors of 3855?
3, 5, 257
What are the prime factors of 16837?
113, 149
What are the prime factors of 109323?
3, 4049
What are the prime factors of 6738?
2, 3, 1123
List the prime factors of 22472.
2, 53
List the prime factors of 63178.
2, 31, 1019
What are the prime factors of 9263?
59, 157
List the prime factors of 1833.
3, 13, 47
List the prime factors of 7708.
2, 41, 47
What are the prime factors of 55311?
3, 103, 179
What are the prime factors of 109?
109
What are the prime factors of 133?
7, 19
List the prime factors of 187.
11, 17
What are the prime factors of 15246?
2, 3, 7, 11
What are the prime factors of 2553?
3, 23, 37
What are the prime factors of 119?
7, 17
What are the prime factors of 2669?
17, 157
List the prime factors of 293.
293
What are the prime factors of 6187?
23, 269
List the prime factors of 122755.
5, 24551
List the prime factors of 5276.
2, 1319
What are the prime factors of 42541?
19, 2239
List the prime factors of 1705.
5, 11, 31
What are the prime factors of 3889?
3889
What are the prime factors of 14091?
3, 7, 11, 61
What are the prime factors of 57939?
3, 7, 31, 89
What are the prime factors of 7605?
3, 5, 13
What are the prime factors of 9785?
5, 19, 103
What are the prime factors of 12897?
3, 1433
What are the prime factors of